{"id":1796,"date":"2018-05-24T08:45:55","date_gmt":"2018-05-24T08:45:55","guid":{"rendered":"http:\/\/www.eitel-mobile.de\/?page_id=1796"},"modified":"2023-10-10T06:45:49","modified_gmt":"2023-10-10T06:45:49","slug":"datenschutz","status":"publish","type":"page","link":"https:\/\/eitel-mobile.de\/?page_id=1796","title":{"rendered":"DATENSCHUTZ"},"content":{"rendered":"<p>Der Schutz der individuellen Privatsph\u00e4re bei der Verarbeitung personenbezogener Daten ist f\u00fcr uns ein wichtiges Anliegen, das wir bei unseren Gesch\u00e4ftsprozessen mit hoher Aufmerksamkeit ber\u00fccksichtigen. Daher informieren wir Sie nachstehend \u00fcber die Verarbeitung Ihrer personenbezogenen Daten und die Ihnen zustehenden datenschutzrechtlichen Anspr\u00fcche und Rechte.<\/p>\n<p><strong>I. Name und Kontaktdaten des Verantwortlichen<\/strong><\/p>\n<p>F\u00fcr die Datenverarbeitung verantwortlich ist:<\/p>\n<p>Eitel-Mobile Inh. Nektarios Antoniadis<\/p>\n<p>Gutenbergstr. 12<\/p>\n<p>72793 Pfullingen<br \/>\nTel: 07121 6956040<br \/>\nMail: nestas@nestas.de<\/p>\n<p><strong>II. Kontaktdaten des Datenschutzbeauftragten<\/strong><\/p>\n<p>Sie erreichen unseren Datenschutzbeauftragten unter:<\/p>\n<p>Datenschutzbeauftragter Eitel-Mobile Nektarios Antoniadis<br \/>\nGutenbergstr. 12<\/p>\n<p>72793 Pfullingen<br \/>\nTel: 07121 6956040<br \/>\nMail: nestas@nestas.de<\/p>\n<p><strong>III. Allgemeines zur Datenverarbeitung<\/strong><\/p>\n<ol>\n<li><strong> Zweck der Verarbeitung von personenbezogenen Daten<\/strong><\/li>\n<\/ol>\n<p>Soweit Sie uns personenbezogene Daten zur Verf\u00fcgung gestellt haben, verwenden wir diese ausschlie\u00dflich zum Zweck der technischen Administration unserer Webseiten und zur Erf\u00fcllung Ihrer W\u00fcnsche und Anforderungen, also in der Regel zur Beantwortung Ihrer Anfrage.<\/p>\n<ol start=\"2\">\n<li><strong> Rechtsgrundlage f\u00fcr die Verarbeitung personenbezogener Daten<\/strong><\/li>\n<\/ol>\n<p>Soweit wir f\u00fcr Verarbeitungsvorg\u00e4nge personenbezogener Daten eine Einwilligung von Ihnen einholen, dient Art. 6 Abs. 1 lit. a EU-Datenschutzgrundverordnung (DSGVO) als Rechtsgrundlage f\u00fcr die Verarbeitung personenbezogener Daten. Bei der Verarbeitung von personenbezogenen Daten, die zur Erf\u00fcllung eines Vertrages erforderlich ist, dessen Vertragspartei Sie sind, dient Art. 6 Abs. 1 lit. b DSGVO als Rechtsgrundlage. Dies gilt auch f\u00fcr Verarbeitungsvorg\u00e4nge, die zur Durchf\u00fchrung vorvertraglicher Ma\u00dfnahmen erforderlich sind. Soweit eine Verarbeitung personenbezogener Daten zur Erf\u00fcllung einer rechtlichen Verpflichtung erforderlich ist, der unser Unternehmen unterliegt, dient Art. 6 Abs. 1 lit. c DSGVO als Rechtsgrundlage.<br \/>\nIst die Verarbeitung zur Wahrung eines berechtigten Interesses unseres Unternehmens oder eines Dritten erforderlich und \u00fcberwiegen Ihre Interessen, Grundrechte und Grundfreiheiten das erstgenannte Interesse nicht, so dient Art. 6 Abs. 1 lit. f DSGVO als Rechtsgrundlage f\u00fcr die Verarbeitung.<\/p>\n<ol start=\"3\">\n<li><strong> Empf\u00e4nger oder Kategorien von Empf\u00e4ngern der personenbezogenen Daten<\/strong><\/li>\n<\/ol>\n<p>Innerhalb der Eitel-Mobile erhalten diejenigen Stellen Zugriff auf Ihre Daten, die diese zur Erf\u00fcllung Ihrer W\u00fcnsche und Anforderungen ben\u00f6tigen. Auch von uns eingesetzte Dienstleister k\u00f6nnen zu diesen Zwecken Daten erhalten.<\/p>\n<p>Eine Weitergabe oder sonstige \u00dcbermittlung Ihrer personenbezogenen Daten an Dritte erfolgt nicht, es sei denn, dass<\/p>\n<ul>\n<li>dies zum Zwecke der Vertragsabwicklung erforderlich ist. So kann es beispielsweise erforderlich sein, dass wir bei Bestellungen von Dienstleistungen und Produkten Ihre Anschrift und Bestelldaten an unsere Lieferanten weitergeben;<br \/>\n\u2022 dies zu Abrechnungszwecken erforderlich ist;<br \/>\n\u2022 Sie zuvor eingewilligt haben.<br \/>\n\u2022 Wenn ein Weitergabe aufgrund gesetzlicher Vorgaben notwendig ist.<\/li>\n<\/ul>\n<ol start=\"4\">\n<li><strong> Speicherdauer<\/strong><\/li>\n<\/ol>\n<p>Ihre personenbezogenen Daten werden gel\u00f6scht oder gesperrt, sobald der Zweck der Speicherung entf\u00e4llt. Eine Speicherung kann dar\u00fcber hinaus erfolgen, wenn dies durch den europ\u00e4ischen oder nationalen Gesetzgeber in unionsrechtlichen Verordnungen, Gesetzen oder sonstigen Vorschriften, denen wir unterliegen, vorgesehen wurde. Eine Sperrung oder L\u00f6schung der Daten erfolgt auch dann, wenn eine durch die genannten Normen vorgeschriebene Speicherfrist abl\u00e4uft, es sei denn, dass eine Erforderlichkeit zur weiteren Speicherung der Daten f\u00fcr einen Vertragsabschluss oder eine Vertragserf\u00fcllung besteht.<\/p>\n<p><strong>IV. Konkrete Datenverarbeitungen<\/strong><\/p>\n<ol>\n<li><strong>Bereitstellung der Webseite und Erstellung von Logfiles<\/strong><\/li>\n<\/ol>\n<p><strong>a) Beschreibung und Umfang der Datenverarbeitung<\/strong><br \/>\nBei jedem Aufruf unserer Internetseite erfasst unser System automatisiert Daten und Informationen vom Computersystem des aufrufenden Rechners.<\/p>\n<p>Folgende Daten werden hierbei erhoben:<\/p>\n<p>(1) Informationen \u00fcber den Browsertyp und die verwendete Version<br \/>\n(2) Das Betriebssystem des Nutzers<br \/>\n(3) Die IP-Adresse des Nutzers<br \/>\n(4) Datum und Uhrzeit des Zugriffs<br \/>\n(5) Websites, von denen das System des Nutzers auf unsere Internetseite gelangt<br \/>\n(6) Websites, die vom System des Nutzers \u00fcber unsere Website aufgerufen werden<\/p>\n<p>Die Daten werden ebenfalls in den Logfiles unseres Systems gespeichert. Eine Speicherung dieser Daten zusammen mit anderen personenbezogenen Daten des Nutzers findet nicht statt.<\/p>\n<p><strong>b) Rechtsgrundlage f\u00fcr die Datenverarbeitung<\/strong><br \/>\nRechtsgrundlage f\u00fcr die vor\u00fcbergehende Speicherung der Daten und der Logfiles ist Art. 6 Abs. 1 lit. f DSGVO.<\/p>\n<p><strong>c) Zweck der Datenverarbeitung<\/strong><br \/>\nDie vor\u00fcbergehende Speicherung der IP-Adresse durch das System ist notwendig, um eine Auslieferung der Website an den Rechner des Nutzers zu erm\u00f6glichen. Hierf\u00fcr muss die IP-Adresse des Nutzers f\u00fcr die Dauer der Sitzung gespeichert bleiben.<\/p>\n<p>Die Speicherung in Logfiles erfolgt, um die Funktionsf\u00e4higkeit der Website sicherzustellen. Zudem dienen uns die Daten zur Optimierung der Website und zur Sicherstellung der Sicherheit unserer informationstechnischen Systeme. Eine Auswertung der Daten zu Marketingzwecken findet in diesem Zusammenhang nicht statt.<\/p>\n<p>In diesen Zwecken liegt auch unser berechtigtes Interesse an der Datenverarbeitung nach Art. 6 Abs. 1 lit. f DSGVO.<\/p>\n<p><strong>d) Dauer der Speicherung<\/strong><br \/>\nDie Daten werden gel\u00f6scht, sobald sie f\u00fcr die Erreichung des Zweckes ihrer Erhebung nicht mehr erforderlich sind. Im Falle der Erfassung der Daten zur Bereitstellung der Website ist dies der Fall, wenn die jeweilige Sitzung beendet ist.<br \/>\nIm Falle der Speicherung der Daten in Logfiles ist dies nach sp\u00e4testens sechs Wochen der Fall.<\/p>\n<p><strong>e) Widerspruchs- und Beseitigungsm\u00f6glichkeit<\/strong><br \/>\nDie Erfassung der Daten zur Bereitstellung der Website und die Speicherung der Daten in Logfiles ist f\u00fcr den Betrieb der Internetseite zwingend erforderlich. Es besteht folglich seitens des Nutzers keine Widerspruchsm\u00f6glichkeit.<\/p>\n<ol start=\"2\">\n<li><strong> Verwendung von Cookies<\/strong><\/li>\n<\/ol>\n<p><strong>a) Beschreibung und Umfang der Datenverarbeitung<\/strong><br \/>\nUnsere Webseite verwendet Cookies. Bei Cookies handelt es sich um Textdateien, die im Internetbrowser bzw. vom Internetbrowser auf dem Computersystem des Nutzers gespeichert werden. Ruft ein Nutzer eine Website auf, so kann ein Cookie auf dem Betriebssystem des Nutzers gespeichert werden. Dieser Cookie enth\u00e4lt eine charakteristische Zeichenfolge, die eine eindeutige Identifizierung des Browsers beim erneuten Aufrufen der Website erm\u00f6glicht.<\/p>\n<p>Wir setzen Cookies ein, um unsere Website nutzerfreundlicher zu gestalten. Einige Elemente unserer Internetseite erfordern es, dass der aufrufende Browser auch nach einem Seitenwechsel identifiziert werden kann.<br \/>\nIn den Cookies werden dabei folgende Daten gespeichert und \u00fcbermittelt:<br \/>\nEs folgt eine Auflistung der gespeicherten Daten. Beispiele k\u00f6nnen sein:<br \/>\n(1) Spracheinstellungen<br \/>\n(2) Artikel in einem Warenkorb<br \/>\n(3) Log-In-Informationen<\/p>\n<p>Wir verwenden auf unserer Website dar\u00fcber hinaus Cookies, die eine Analyse des Surfverhaltens der Nutzer erm\u00f6glichen.<br \/>\nAuf diese Weise k\u00f6nnen folgende Daten \u00fcbermittelt werden:<br \/>\nEs folgt eine Auflistung der erhobenen Daten. Diese k\u00f6nnen beispielsweise sein:<br \/>\n(1) Eingegebene Suchbegriffe<br \/>\n(2) H\u00e4ufigkeit von Seitenaufrufen<br \/>\n(3) Inanspruchnahme von Website-Funktionen<br \/>\nBeim Aufruf unserer Website wird der Nutzer \u00fcber die Verwendung von Cookies zu Analysezwecken informiert und seine Einwilligung zur Verarbeitung der in diesem Zusammenhang verwendeten personenbezogenen Daten eingeholt. In diesem Zusammenhang erfolgt auch ein Hinweis auf diese Datenschutzerkl\u00e4rung.<\/p>\n<p><strong>b) Rechtsgrundlage f\u00fcr die Datenverarbeitung<\/strong><br \/>\nDie Rechtsgrundlage f\u00fcr die Verarbeitung personenbezogener Daten unter Verwendung technisch notwendiger Cookies ist Art. 6 Abs. 1 lit. f DSGVO.<br \/>\nDie Rechtsgrundlage f\u00fcr die Verarbeitung personenbezogener Daten unter Verwendung von Cookies zu Analysezwecken ist bei Vorliegen einer diesbez\u00fcglichen Einwilligung des Nutzers Art. 6 Abs. 1 lit. a DSGVO.<\/p>\n<p><strong>c) Zweck der Datenverarbeitung<\/strong><br \/>\nDer Zweck der Verwendung technisch notwendiger Cookies ist, die Nutzung von Websites f\u00fcr die Nutzer zu vereinfachen. Einige Funktionen unserer Internetseite k\u00f6nnen ohne den Einsatz von Cookies nicht angeboten werden. F\u00fcr diese ist es erforderlich, dass der Browser auch nach einem Seitenwechsel wiedererkannt wird.<br \/>\nF\u00fcr folgende Anwendungen ben\u00f6tigen wir Cookies:<br \/>\nEs folgt eine Auflistung der Anwendungen. Beispiele k\u00f6nnen sein:<br \/>\n(1) Warenkorb<br \/>\n(2) \u00dcbernahme von Spracheinstellungen<br \/>\n(3) Merken von Suchbegriffen<br \/>\nDie durch technisch notwendige Cookies erhobenen Nutzerdaten werden nicht zur Erstellung von Nutzerprofilen verwendet.<br \/>\nDie Verwendung der Analyse-Cookies erfolgt zu dem Zweck, die Qualit\u00e4t unserer Website und ihre Inhalte zu verbessern. Durch die Analyse-Cookies erfahren wir, wie die Website genutzt wird und k\u00f6nnen so unser Angebot stetig optimieren.<br \/>\nIn diesen Zwecken liegt auch unser berechtigtes Interesse in der Verarbeitung der personenbezogenen Daten nach Art. 6 Abs. 1 lit. f DSGVO.<\/p>\n<p><strong>e) Dauer der Speicherung, Widerspruchs- und Beseitigungsm\u00f6glichkeit<\/strong><br \/>\nCookies werden auf dem Rechner des Nutzers gespeichert und von diesem an unserer Seite \u00fcbermittelt. Daher haben Sie als Nutzer auch die volle Kontrolle \u00fcber die Verwendung von Cookies. Durch eine \u00c4nderung der Einstellungen in Ihrem Internetbrowser k\u00f6nnen Sie die \u00dcbertragung von Cookies deaktivieren oder einschr\u00e4nken. Bereits gespeicherte Cookies k\u00f6nnen jederzeit gel\u00f6scht werden. Dies kann auch automatisiert erfolgen. Werden Cookies f\u00fcr unsere Website deaktiviert, k\u00f6nnen m\u00f6glicherweise nicht mehr alle Funktionen der Website vollumf\u00e4nglich genutzt werden.<br \/>\nDie \u00dcbermittlung von Flash-Cookies l\u00e4sst sich nicht \u00fcber die Einstellungen des Browsers, jedoch durch \u00c4nderungen der Einstellung des Flash Players unterbinden.<\/p>\n<ol start=\"3\">\n<li><strong> Newsletter<\/strong><\/li>\n<\/ol>\n<p><strong>a) Beschreibung und Umfang der Datenverarbeitung<\/strong><br \/>\nAuf unserer Internetseite besteht die M\u00f6glichkeit, einen kostenfreien Newsletter zu abonnieren. Dabei werden bei der Anmeldung zum Newsletter die Daten aus der Eingabemaske an uns \u00fcbermittelt.<\/p>\n<ul>\n<li>E-Mail Adresse<br \/>\n\u2022 optional Name<\/li>\n<\/ul>\n<p>Zudem werden folgende Daten bei der Anmeldung erhoben:<\/p>\n<p>(1) IP-Adresse des aufrufenden Rechners<br \/>\n(2) Datum und Uhrzeit der Registrierung<\/p>\n<p>F\u00fcr die Verarbeitung der Daten wird im Rahmen des Anmeldevorgang Ihre Einwilligung eingeholt und auf diese Datenschutzerkl\u00e4rung verwiesen.<\/p>\n<p><strong>b) Rechtsgrundlage f\u00fcr die Datenverarbeitung<\/strong><br \/>\nRechtsgrundlage f\u00fcr die Verarbeitung der Daten nach Anmeldung zum Newsletters durch den Nutzer ist bei Vorliegen einer Einwilligung des Nutzers Art. 6 Abs. 1 lit. a DSGVO.<\/p>\n<p><strong>c) Zweck der Datenverarbeitung<\/strong><br \/>\nDie Erhebung der E-Mail-Adresse des Nutzers dient dazu, den Newsletter zuzustellen. Die Erhebung sonstiger personenbezogener Daten im Rahmen des Anmeldevorgangs dient dazu, einen Missbrauch der Dienste oder der verwendeten E-Mail-Adresse zu verhindern.<\/p>\n<p><strong>d) Dauer der Speicherung<\/strong><br \/>\nDie Daten werden gel\u00f6scht, sobald sie f\u00fcr die Erreichung des Zweckes ihrer Erhebung nicht mehr erforderlich sind. Die E-Mail-Adresse des Nutzers wird demnach solange gespeichert, wie das Abonnement des Newsletters aktiv ist.<br \/>\ne) Widerspruchs- und Beseitigungsm\u00f6glichkeit<br \/>\nDas Abonnement des Newsletters kann durch den betroffenen Nutzer jederzeit gek\u00fcndigt werden. Zu diesem Zweck findet sich in jedem Newsletter ein entsprechender Link.<\/p>\n<p>Hierdurch wird ebenfalls ein Widerruf der Einwilligung der Speicherung der w\u00e4hrend des Anmeldevorgangs erhobenen personenbezogenen Daten erm\u00f6glicht.<\/p>\n<ol start=\"4\">\n<li><strong> Kontaktformular und E-Mail-Kontakt<\/strong><\/li>\n<\/ol>\n<p><strong>a) Beschreibung und Umfang der Datenverarbeitung<\/strong><br \/>\nAuf unserer Internetseite ist ein Kontaktformular vorhanden, welches f\u00fcr die elektronische Kontaktaufnahme genutzt werden kann. Nimmt ein Nutzer diese M\u00f6glichkeit war, so werden die in der Eingabemaske eingegeben Daten an uns \u00fcbermittelt und gespeichert. Diese Daten sind:<\/p>\n<p>Kontaktformular:<br \/>\n\u2022 E-Mail Adresse<br \/>\n\u2022 Ihre Nachricht,<br \/>\n\u2022 optional Ihr Name<\/p>\n<p>R\u00fcckrufbitte<br \/>\n\u2022 Telefonnummer<br \/>\n\u2022 E-Mail Adresse<br \/>\n\u2022 Ihr Name<br \/>\n\u2022 Ihre Nachricht<\/p>\n<p>Im Zeitpunkt der Absendung der Nachricht werden zudem folgende Daten gespeichert:<\/p>\n<p>(1) Die IP-Adresse des Nutzers<br \/>\n(2) Datum und Uhrzeit der Registrierung<\/p>\n<p>F\u00fcr die Verarbeitung der Daten wird im Rahmen des Absendevorgangs Ihre Einwilligung eingeholt und auf diese Datenschutzerkl\u00e4rung verwiesen.<\/p>\n<p>Alternativ ist eine Kontaktaufnahme \u00fcber die bereitgestellte E-Mail-Adresse m\u00f6glich. In diesem Fall werden die mit der E-Mail \u00fcbermittelten personenbezogenen Daten des Nutzers gespeichert.<\/p>\n<p>Es verfolgt in diesem Zusammenhang keine Weitergabe der Daten an Dritte. Die Daten werden ausschlie\u00dflich f\u00fcr die Verarbeitung der Konversation verwendet.<\/p>\n<p><strong>b) Rechtsgrundlage f\u00fcr die Datenverarbeitung\u00a0<\/strong><br \/>\nRechtsgrundlage f\u00fcr die Verarbeitung der Daten ist bei Vorliegen einer Einwilligung des Nutzers Art. 6 Abs. 1 lit. a DSGVO.<\/p>\n<p>Rechtsgrundlage f\u00fcr die Verarbeitung der Daten, die im Zuge einer \u00dcbersendung einer E-Mail \u00fcbermittelt werden, ist Art. 6 Abs. 1 lit. f DSGVO. Zielt der E-Mail-Kontakt auf den Abschluss eines Vertrages ab, so ist zus\u00e4tzliche Rechtsgrundlage f\u00fcr die Verarbeitung Art. 6 Abs. 1 lit. b DSGVO.<\/p>\n<p><strong>c) Zweck der Datenverarbeitung<\/strong><br \/>\nDie Verarbeitung der personenbezogenen Daten aus der Eingabemaske dient uns allein zur Bearbeitung der Kontaktaufnahme. Im Falle einer Kontaktaufnahme per E-Mail liegt hieran auch das erforderliche berechtigte Interesse an der Verarbeitung der Daten.<br \/>\nDie sonstigen w\u00e4hrend des Absendevorgangs verarbeiteten personenbezogenen Daten dienen dazu, einen Missbrauch des Kontaktformulars zu verhindern und die Sicherheit unserer informationstechnischen Systeme sicherzustellen.<\/p>\n<p><strong>d) Dauer der Speicherung<\/strong><br \/>\nDie Daten werden gel\u00f6scht, sobald sie f\u00fcr die Erreichung des Zweckes ihrer Erhebung nicht mehr erforderlich sind. F\u00fcr die personenbezogenen Daten aus der Eingabemaske des Kontaktformulars und diejenigen, die per E-Mail \u00fcbersandt wurden, ist dies dann der Fall, wenn die jeweilige Konversation mit dem Nutzer beendet ist. Beendet ist die Konversation dann, wenn sich aus den Umst\u00e4nden entnehmen l\u00e4sst, dass der betroffene Sachverhalt abschlie\u00dfend gekl\u00e4rt ist.<\/p>\n<p>Die w\u00e4hrend des Absendevorgangs zus\u00e4tzlich erhobenen personenbezogenen Daten werden sp\u00e4testens nach einer Frist von 10 Tagen gel\u00f6scht.<\/p>\n<p><strong>e) Widerspruchs- und Beseitigungsm\u00f6glichkeit<\/strong><br \/>\nSie haben jederzeit die M\u00f6glichkeit, Ihre Einwilligung zur Verarbeitung der personenbezogenen Daten zu widerrufen. Nehmen Sie per E-Mail Kontakt mit uns auf, so k\u00f6nnen Sie der Speicherung Ihrer personenbezogenen Daten jederzeit widersprechen. In einem solchen Fall kann die Konversation nicht fortgef\u00fchrt wer-den.<\/p>\n<p>Alle personenbezogenen Daten, die im Zuge der Kontaktaufnahme gespeichert wurden, werden in diesem Fall gel\u00f6scht.<\/p>\n<p><strong>V. Ihre Rechte<\/strong><\/p>\n<p>Sie haben das Recht auf Auskunft gem\u00e4\u00df Artikel 15 DSGVO, das Recht auf Berichtigung gem\u00e4\u00df Artikel 16 DSGVO, das Recht auf L\u00f6schung gem\u00e4\u00df Artikel 17 DSGVO, das Recht auf Einschr\u00e4nkung der Verarbeitung gem\u00e4\u00df Artikel 18 DSGVO, das Recht auf Daten\u00fcbertragbarkeit gem\u00e4\u00df Artikel 20 DSGVO sowie das Recht auf Widerspruch gem\u00e4\u00df Artikel 21 DSGVO.<\/p>\n<p>Eine erteilte Einwilligung in die Verarbeitung personenbezogener Daten k\u00f6nnen Sie jederzeit uns gegen\u00fcber widerrufen. Bitte beachten Sie, dass der Widerruf erst f\u00fcr die Zukunft wirkt. Datenverarbeitungen, die vor dem Widerruf erfolgt sind, sind davon nicht betroffen.<\/p>\n<p>Zur Aus\u00fcbung Ihrer Rechte wenden Sie sich bitte an eine der unter Abschnitt I und II genannten Kontaktdaten.<\/p>\n<p>Wenn Sie der Auffassung sind, dass die Verarbeitung Ihrer Daten gegen das Datenschutzrecht verst\u00f6\u00dft oder Ihre datenschutzrechtlichen Anspr\u00fcche sonst in einer Weise verletzt worden sind, k\u00f6nnen Sie sich dar\u00fcber hinaus bei einer Aufsichtsbeh\u00f6rde beschweren.<\/p>\n<p><strong>VI. Gibt es f\u00fcr Sie eine Pflicht zur Bereitstellung von personenbezogenen Daten?<\/strong><\/p>\n<p>Sie m\u00fcssen diejenigen personenbezogenen Daten bereitstellen, die f\u00fcr die Aufnahme und Durchf\u00fchrung unserer Gesch\u00e4ftsbeziehung erforderlich sind und die wir f\u00fcr die Abwicklung des jeweiligen Auftrages ben\u00f6tigen. Sofern Sie uns Daten nicht zur Verf\u00fcgung stellen, m\u00fcssen wir den Abschluss eines Vertrages oder die Ausf\u00fchrung des Auftrages in der Regel ablehnen oder k\u00f6nnen einen bestehenden Vertrag nicht mehr durch-f\u00fchren und m\u00fcssen diesen folglich beenden.<\/p>\n","protected":false},"excerpt":{"rendered":"<p>Der Schutz der individuellen Privatsph\u00e4re bei der Verarbeitung personenbezogener Daten ist f\u00fcr uns ein wichtiges Anliegen, das wir bei unseren Gesch\u00e4ftsprozessen mit hoher Aufmerksamkeit ber\u00fccksichtigen. Daher informieren wir Sie nachstehend \u00fcber die Verarbeitung Ihrer personenbezogenen Daten und die Ihnen zustehenden datenschutzrechtlichen Anspr\u00fcche und Rechte. I. Name und Kontaktdaten des Verantwortlichen F\u00fcr die Datenverarbeitung verantwortlich ist:&#8230;<\/p>\n","protected":false},"author":1,"featured_media":0,"parent":0,"menu_order":0,"comment_status":"closed","ping_status":"closed","template":"","meta":{"footnotes":""},"class_list":["post-1796","page","type-page","status-publish","hentry"],"aioseo_notices":[],"_links":{"self":[{"href":"https:\/\/eitel-mobile.de\/index.php?rest_route=\/wp\/v2\/pages\/1796","targetHints":{"allow":["GET"]}}],"collection":[{"href":"https:\/\/eitel-mobile.de\/index.php?rest_route=\/wp\/v2\/pages"}],"about":[{"href":"https:\/\/eitel-mobile.de\/index.php?rest_route=\/wp\/v2\/types\/page"}],"author":[{"embeddable":true,"href":"https:\/\/eitel-mobile.de\/index.php?rest_route=\/wp\/v2\/users\/1"}],"replies":[{"embeddable":true,"href":"https:\/\/eitel-mobile.de\/index.php?rest_route=%2Fwp%2Fv2%2Fcomments&post=1796"}],"version-history":[{"count":2,"href":"https:\/\/eitel-mobile.de\/index.php?rest_route=\/wp\/v2\/pages\/1796\/revisions"}],"predecessor-version":[{"id":1798,"href":"https:\/\/eitel-mobile.de\/index.php?rest_route=\/wp\/v2\/pages\/1796\/revisions\/1798"}],"wp:attachment":[{"href":"https:\/\/eitel-mobile.de\/index.php?rest_route=%2Fwp%2Fv2%2Fmedia&parent=1796"}],"curies":[{"name":"wp","href":"https:\/\/api.w.org\/{rel}","templated":true}]}}