{"id":1360,"date":"2015-09-18T09:48:28","date_gmt":"2015-09-18T09:48:28","guid":{"rendered":"http:\/\/motors.stylemixthemes.com\/demo\/?page_id=5"},"modified":"2025-09-04T20:53:23","modified_gmt":"2025-09-04T20:53:23","slug":"front-page","status":"publish","type":"page","link":"https:\/\/eitel-mobile.de\/","title":{"rendered":"Front page"},"content":{"rendered":"<div class=\"wpb-content-wrapper\"><p>[vc_row full_width=&#8221;stretch_row&#8221; stm_fullwidth=&#8221;yes&#8221; css=&#8221;.vc_custom_1587654344032{margin-bottom: 0px !important;padding-left: 0px !important;}&#8221; el_class=&#8221;stm-slider-nice-height stm-frontpage-slider&#8221;][vc_column el_class=&#8221;frontpagesl&#8221;][vc_images_carousel images=&#8221;1495&#8243; img_size=&#8221;2500&#215;500&#8243; onclick=&#8221;link_no&#8221; autoplay=&#8221;yes&#8221; hide_pagination_control=&#8221;yes&#8221; hide_prev_next_buttons=&#8221;yes&#8221; wrap=&#8221;yes&#8221; el_class=&#8221;frontpageslider&#8221;][\/vc_column][\/vc_row][vc_row css=&#8221;.vc_custom_1675758352944{margin-top: -400px !important;margin-bottom: 0px !important;}&#8221;][vc_column offset=&#8221;vc_hidden-xs&#8221;][vc_column_text][stm_car_listing_tabbed tab_affix=&#8221;Fahrzeuge&#8221; search_icon=&#8221;stm-icon-car_search&#8221; filter_columns_number=&#8221;4&#8243; filter_selected=&#8221;body,make,ca-year,price&#8221; call_to_action_icon=&#8221;stm-icon-question&#8221; call_to_action_icon_right=&#8221;stm-icon-phone2&#8243; call_to_action_color=&#8221;#359af2&#8243; call_to_action_text_color=&#8221;#ffffff&#8221; enable_call_to_action=&#8221;true&#8221; per_page=&#8221;8&#8243; search_label=&#8221;Fahrzeugsuche&#8221; call_to_action_label=&#8221;Haben Sie eine Frage? Ruf heute an!&#8221; call_to_action_label_right=&#8221;071216956040&#8243;]<\/p>\n<h2 style=\"margin-bottom: 0px;\"><a href=\"https:\/\/home.mobile.de\/NESTAS\"><span class=\"stm-base-color\">FAHRZEUGSUCHE<\/span><\/a><\/h2>\n<p>[\/stm_car_listing_tabbed][\/vc_column_text][\/vc_column][\/vc_row][vc_row stm_fullwidth=&#8221;yes&#8221; blackout_opacity=&#8221;20&#8243; css=&#8221;.vc_custom_1490004203537{margin-bottom: 0px !important;padding-top: 137px !important;padding-bottom: 113px !important;background-image: url(https:\/\/eitel-mobile.de\/wp-content\/uploads\/2015\/10\/company_foto.jpg?id=1442) !important;}&#8221; el_class=&#8221;stm-icon-box-adaptive-style-one&#8221;][vc_column offset=&#8221;vc_col-lg-6&#8243; css=&#8221;.vc_custom_1448967644598{margin-bottom: 30px !important;}&#8221;][vc_column_text][stm_icon_box icon=&#8221;stm-icon-car_search&#8221; icon_size=&#8221;54&#8243; box_bg_color=&#8221;#fab637&#8243; box_text_color=&#8221;#232628&#8243; link=&#8221;url:https%3A%2F%2Fhome.mobile.de%2FNESTAS%23ses|title:Suchen%20Auto||&#8221; title=&#8221;Sie suchen ein Auto?&#8221; line_height=&#8221;17&#8243; icon_color=&#8221;#232628&#8243;]<span style=\"color: #ffffff;\">Unsere Fahrzeuge sind gepr\u00fcft und mit Garantie. Eine Probefahrt ist m\u00f6glich. Auf Wunsch erm\u00f6glichen wir Ihnen eine Finanzierung zu Topkonditionen.<\/span>[\/stm_icon_box][\/vc_column_text][\/vc_column][vc_column offset=&#8221;vc_col-lg-6&#8243; css=&#8221;.vc_custom_1448967649806{margin-bottom: 30px !important;}&#8221;][vc_column_text][stm_icon_box icon=&#8221;stm-icon-car_sale&#8221; title=&#8221;Sie wollen Ihr Auto verkaufen?&#8221; box_bg_color=&#8221;#ff4848&#8243; line_height=&#8221;17&#8243; icon_color=&#8221;#232628&#8243; link=&#8221;url:https%3A%2F%2Feitel-mobile.de%2F%3Fpage_id%3D24322&#8243;]<span style=\"color: #ffffff;\">Was ist Ihr Auto wert? Bestpreise f\u00fcr Ihr Auto erzielen. Wir helfen Ihnen dabei.<\/span>[\/stm_icon_box][\/vc_column_text][\/vc_column][\/vc_row][vc_row full_width=&#8221;stretch_row&#8221; css=&#8221;.vc_custom_1448968797570{margin-bottom: 0px !important;padding-top: 51px !important;padding-bottom: 62px !important;background-color: #f0f2f5 !important;}&#8221; el_class=&#8221;stm-adaptive-tablet-margins&#8221;][vc_column][vc_row_inner css=&#8221;.vc_custom_1448532576588{margin-bottom: 0px !important;}&#8221;][vc_column_inner][vc_custom_heading text=&#8221;Warum sollten Sie sich f\u00fcr Uns entscheiden?&#8221; font_container=&#8221;tag:h2|text_align:center|color:%23000000&#8243; use_theme_fonts=&#8221;yes&#8221; css=&#8221;.vc_custom_1490038158928{margin-bottom: 23px !important;}&#8221;][\/vc_column_inner][\/vc_row_inner][vc_row_inner css=&#8221;.vc_custom_1448861118351{margin-bottom: 9px !important;}&#8221; el_class=&#8221;stm-icon-box-adaptive-style-three&#8221;][vc_column_inner width=&#8221;1\/4&#8243;][vc_column_text][stm_icon_box title_holder=&#8221;h6&#8243; icon=&#8221;stm-icon-label&#8221; title=&#8221;Finanzierung leicht gemacht&#8221; box_bg_color=&#8221;rgba(255,255,255,0.01)&#8221; css=&#8221;.vc_custom_1489008610206{margin-bottom: 46px !important;padding-top: 0px !important;padding-right: 0px !important;padding-bottom: 0px !important;padding-left: 29px !important;}&#8221; icon_size=&#8221;52&#8243; css_icon=&#8221;.vc_custom_1489008610200{margin-top: 4px !important;margin-right: 23px !important;}&#8221; line_height=&#8221;16&#8243;]Unsere unkomplizierten Finanzierungskonzepte mit langen Laufzeiten und niedrigen Zinsen. Sicherheit inklusive.[\/stm_icon_box][\/vc_column_text][\/vc_column_inner][vc_column_inner width=&#8221;1\/4&#8243;][vc_column_text][stm_icon_box title_holder=&#8221;h6&#8243; icon=&#8221;stm-icon-speedometr&#8221; title=&#8221;Markenvielfalt &#8211; Autos f\u00fcr Jeden&#8221; box_bg_color=&#8221;rgba(255,255,255,0.01)&#8221; css=&#8221;.vc_custom_1489008741301{margin-bottom: 46px !important;padding-top: 0px !important;padding-right: 0px !important;padding-bottom: 0px !important;padding-left: 18px !important;}&#8221; css_icon=&#8221;.vc_custom_1489008741295{margin-top: 2px !important;margin-right: 22px !important;}&#8221; line_height=&#8221;16&#8243;]<span style=\"color: #888888; line-height: 16px;\">Mit einer umfangreichen Auswahl an Marken. Von Audi bis Volvo ist Alles dabei.<\/span>[\/stm_icon_box][\/vc_column_text][\/vc_column_inner][vc_column_inner width=&#8221;1\/4&#8243;][vc_column_text][stm_icon_box title_holder=&#8221;h6&#8243; icon=&#8221;stm-icon-chat&#8221; title=&#8221;St\u00e4ndig neue Angebote&#8221; box_bg_color=&#8221;rgba(255,255,255,0.01)&#8221; css=&#8221;.vc_custom_1694446293907{margin-bottom: 46px !important;padding-top: 0px !important;padding-right: 0px !important;padding-bottom: 0px !important;padding-left: 9px !important;}&#8221; icon_size=&#8221;44&#8243; css_icon=&#8221;.vc_custom_1694446293905{margin-top: 3px !important;margin-right: 17px !important;}&#8221; line_height=&#8221;16&#8243;]\u00dcber 80 Fahrzeuge vor Ort. Viele Stammkunden best\u00e4tigen unsere Top-Leistungen Tag f\u00fcr Tag. Profitieren auch Sie.[\/stm_icon_box][\/vc_column_text][\/vc_column_inner][vc_column_inner width=&#8221;1\/4&#8243;][\/vc_column_inner][\/vc_row_inner][\/vc_column][\/vc_row][vc_row stm_fullwidth=&#8221;yes&#8221; blackout_opacity=&#8221;40&#8243; css=&#8221;.vc_custom_1499787354934{margin-bottom: 0px !important;padding-top: 83px !important;padding-bottom: 79px !important;background-image: url(https:\/\/eitel-mobile.de\/wp-content\/uploads\/2015\/09\/fcv-world-2000&#215;1100-lex.jpg?id=1564) !important;}&#8221;][vc_column el_class=&#8221;stm-icon-box-adaptive-style-one&#8221; offset=&#8221;vc_col-lg-6 vc_col-md-8&#8243;][vc_column_text][stm_icon_box bottom_triangle=&#8221;true&#8221; css=&#8221;.vc_custom_1490039039089{padding-top: 65px !important;padding-right: 80px !important;padding-bottom: 56px !important;padding-left: 63px !important;}&#8221;]<\/p>\n<h3 style=\"margin-bottom: 25px;\">Willkommen in unserer<br \/>\n<span style=\"color: #ffffff;\">Auto-Welt<\/span><\/h3>\n<p>Gerne stehen Ihnen unsere Spezialisten zur Verf\u00fcgung, um Sie in den Bereichen Fahrzeugauswahl, Finanzierung\/Leasing oder sonstige Servicedienstleistungen rund ums Auto beratend zur Seite zu stehen.[\/stm_icon_box][\/vc_column_text][\/vc_column][vc_column width=&#8221;1\/2&#8243;][\/vc_column][\/vc_row]<\/p>\n<\/div>","protected":false},"excerpt":{"rendered":"<p>[vc_row full_width=&#8221;stretch_row&#8221; stm_fullwidth=&#8221;yes&#8221; css=&#8221;.vc_custom_1587654344032{margin-bottom: 0px !important;padding-left: 0px !important;}&#8221; el_class=&#8221;stm-slider-nice-height stm-frontpage-slider&#8221;][vc_column el_class=&#8221;frontpagesl&#8221;][vc_images_carousel images=&#8221;1495&#8243; img_size=&#8221;2500&#215;500&#8243; onclick=&#8221;link_no&#8221; autoplay=&#8221;yes&#8221; hide_pagination_control=&#8221;yes&#8221; hide_prev_next_buttons=&#8221;yes&#8221; wrap=&#8221;yes&#8221; el_class=&#8221;frontpageslider&#8221;][\/vc_column][\/vc_row][vc_row css=&#8221;.vc_custom_1675758352944{margin-top: -400px !important;margin-bottom: 0px !important;}&#8221;][vc_column offset=&#8221;vc_hidden-xs&#8221;][vc_column_text][stm_car_listing_tabbed tab_affix=&#8221;Fahrzeuge&#8221; search_icon=&#8221;stm-icon-car_search&#8221; filter_columns_number=&#8221;4&#8243; filter_selected=&#8221;body,make,ca-year,price&#8221; call_to_action_icon=&#8221;stm-icon-question&#8221; call_to_action_icon_right=&#8221;stm-icon-phone2&#8243; call_to_action_color=&#8221;#359af2&#8243; call_to_action_text_color=&#8221;#ffffff&#8221; enable_call_to_action=&#8221;true&#8221; per_page=&#8221;8&#8243; search_label=&#8221;Fahrzeugsuche&#8221; call_to_action_label=&#8221;Haben Sie eine Frage? Ruf heute an!&#8221; call_to_action_label_right=&#8221;071216956040&#8243;] FAHRZEUGSUCHE [\/stm_car_listing_tabbed][\/vc_column_text][\/vc_column][\/vc_row][vc_row stm_fullwidth=&#8221;yes&#8221; blackout_opacity=&#8221;20&#8243; css=&#8221;.vc_custom_1490004203537{margin-bottom: 0px !important;padding-top: 137px !important;padding-bottom: 113px !important;background-image:&#8230;<\/p>\n","protected":false},"author":1,"featured_media":0,"parent":0,"menu_order":0,"comment_status":"closed","ping_status":"closed","template":"","meta":{"footnotes":""},"class_list":["post-1360","page","type-page","status-publish","hentry"],"aioseo_notices":[],"_links":{"self":[{"href":"https:\/\/eitel-mobile.de\/index.php?rest_route=\/wp\/v2\/pages\/1360","targetHints":{"allow":["GET"]}}],"collection":[{"href":"https:\/\/eitel-mobile.de\/index.php?rest_route=\/wp\/v2\/pages"}],"about":[{"href":"https:\/\/eitel-mobile.de\/index.php?rest_route=\/wp\/v2\/types\/page"}],"author":[{"embeddable":true,"href":"https:\/\/eitel-mobile.de\/index.php?rest_route=\/wp\/v2\/users\/1"}],"replies":[{"embeddable":true,"href":"https:\/\/eitel-mobile.de\/index.php?rest_route=%2Fwp%2Fv2%2Fcomments&post=1360"}],"version-history":[{"count":59,"href":"https:\/\/eitel-mobile.de\/index.php?rest_route=\/wp\/v2\/pages\/1360\/revisions"}],"predecessor-version":[{"id":27854,"href":"https:\/\/eitel-mobile.de\/index.php?rest_route=\/wp\/v2\/pages\/1360\/revisions\/27854"}],"wp:attachment":[{"href":"https:\/\/eitel-mobile.de\/index.php?rest_route=%2Fwp%2Fv2%2Fmedia&parent=1360"}],"curies":[{"name":"wp","href":"https:\/\/api.w.org\/{rel}","templated":true}]}}

<div class="wpb-content-wrapper"><p>[vc_row full_width=&#8221;stretch_row&#8221; stm_fullwidth=&#8221;yes&#8221; css=&#8221;.vc_custom_1587654344032{margin-bottom: 0px !important;padding-left: 0px !important;}&#8221; el_class=&#8221;stm-slider-nice-height stm-frontpage-slider&#8221;][vc_column el_class=&#8221;frontpagesl&#8221;][vc_images_carousel images=&#8221;1495&#8243; img_size=&#8221;2500&#215;500&#8243; onclick=&#8221;link_no&#8221; autoplay=&#8221;yes&#8221; hide_pagination_control=&#8221;yes&#8221; hide_prev_next_buttons=&#8221;yes&#8221; wrap=&#8221;yes&#8221; el_class=&#8221;frontpageslider&#8221;][/vc_column][/vc_row][vc_row css=&#8221;.vc_custom_1675758352944{margin-top: -400px !important;margin-bottom: 0px !important;}&#8221;][vc_column offset=&#8221;vc_hidden-xs&#8221;][vc_column_text][stm_car_listing_tabbed tab_affix=&#8221;Fahrzeuge&#8221; search_icon=&#8221;stm-icon-car_search&#8221; filter_columns_number=&#8221;4&#8243; filter_selected=&#8221;body,make,ca-year,price&#8221; call_to_action_icon=&#8221;stm-icon-question&#8221; call_to_action_icon_right=&#8221;stm-icon-phone2&#8243; call_to_action_color=&#8221;#359af2&#8243; call_to_action_text_color=&#8221;#ffffff&#8221; enable_call_to_action=&#8221;true&#8221; per_page=&#8221;8&#8243; search_label=&#8221;Fahrzeugsuche&#8221; call_to_action_label=&#8221;Haben Sie eine Frage? Ruf heute an!&#8221; call_to_action_label_right=&#8221;071216956040&#8243;]</p>
<h2 style="margin-bottom: 0px;"><a href="https://home.mobile.de/NESTAS"><span class="stm-base-color">FAHRZEUGSUCHE</span></a></h2>
<p>[/stm_car_listing_tabbed][/vc_column_text][/vc_column][/vc_row][vc_row stm_fullwidth=&#8221;yes&#8221; blackout_opacity=&#8221;20&#8243; css=&#8221;.vc_custom_1490004203537{margin-bottom: 0px !important;padding-top: 137px !important;padding-bottom: 113px !important;background-image: url(https://eitel-mobile.de/wp-content/uploads/2015/10/company_foto.jpg?id=1442) !important;}&#8221; el_class=&#8221;stm-icon-box-adaptive-style-one&#8221;][vc_column offset=&#8221;vc_col-lg-6&#8243; css=&#8221;.vc_custom_1448967644598{margin-bottom: 30px !important;}&#8221;][vc_column_text][stm_icon_box icon=&#8221;stm-icon-car_search&#8221; icon_size=&#8221;54&#8243; box_bg_color=&#8221;#fab637&#8243; box_text_color=&#8221;#232628&#8243; link=&#8221;url:https%3A%2F%2Fhome.mobile.de%2FNESTAS%23ses|title:Suchen%20Auto||&#8221; title=&#8221;Sie suchen ein Auto?&#8221; line_height=&#8221;17&#8243; icon_color=&#8221;#232628&#8243;]<span style="color: #ffffff;">Unsere Fahrzeuge sind geprüft und mit Garantie. Eine Probefahrt ist möglich. Auf Wunsch ermöglichen wir Ihnen eine Finanzierung zu Topkonditionen.</span>[/stm_icon_box][/vc_column_text][/vc_column][vc_column offset=&#8221;vc_col-lg-6&#8243; css=&#8221;.vc_custom_1448967649806{margin-bottom: 30px !important;}&#8221;][vc_column_text][stm_icon_box icon=&#8221;stm-icon-car_sale&#8221; title=&#8221;Sie wollen Ihr Auto verkaufen?&#8221; box_bg_color=&#8221;#ff4848&#8243; line_height=&#8221;17&#8243; icon_color=&#8221;#232628&#8243; link=&#8221;url:https%3A%2F%2Feitel-mobile.de%2F%3Fpage_id%3D24322&#8243;]<span style="color: #ffffff;">Was ist Ihr Auto wert? Bestpreise für Ihr Auto erzielen. Wir helfen Ihnen dabei.</span>[/stm_icon_box][/vc_column_text][/vc_column][/vc_row][vc_row full_width=&#8221;stretch_row&#8221; css=&#8221;.vc_custom_1448968797570{margin-bottom: 0px !important;padding-top: 51px !important;padding-bottom: 62px !important;background-color: #f0f2f5 !important;}&#8221; el_class=&#8221;stm-adaptive-tablet-margins&#8221;][vc_column][vc_row_inner css=&#8221;.vc_custom_1448532576588{margin-bottom: 0px !important;}&#8221;][vc_column_inner][vc_custom_heading text=&#8221;Warum sollten Sie sich für Uns entscheiden?&#8221; font_container=&#8221;tag:h2|text_align:center|color:%23000000&#8243; use_theme_fonts=&#8221;yes&#8221; css=&#8221;.vc_custom_1490038158928{margin-bottom: 23px !important;}&#8221;][/vc_column_inner][/vc_row_inner][vc_row_inner css=&#8221;.vc_custom_1448861118351{margin-bottom: 9px !important;}&#8221; el_class=&#8221;stm-icon-box-adaptive-style-three&#8221;][vc_column_inner width=&#8221;1/4&#8243;][vc_column_text][stm_icon_box title_holder=&#8221;h6&#8243; icon=&#8221;stm-icon-label&#8221; title=&#8221;Finanzierung leicht gemacht&#8221; box_bg_color=&#8221;rgba(255,255,255,0.01)&#8221; css=&#8221;.vc_custom_1489008610206{margin-bottom: 46px !important;padding-top: 0px !important;padding-right: 0px !important;padding-bottom: 0px !important;padding-left: 29px !important;}&#8221; icon_size=&#8221;52&#8243; css_icon=&#8221;.vc_custom_1489008610200{margin-top: 4px !important;margin-right: 23px !important;}&#8221; line_height=&#8221;16&#8243;]Unsere unkomplizierten Finanzierungskonzepte mit langen Laufzeiten und niedrigen Zinsen. Sicherheit inklusive.[/stm_icon_box][/vc_column_text][/vc_column_inner][vc_column_inner width=&#8221;1/4&#8243;][vc_column_text][stm_icon_box title_holder=&#8221;h6&#8243; icon=&#8221;stm-icon-speedometr&#8221; title=&#8221;Markenvielfalt &#8211; Autos für Jeden&#8221; box_bg_color=&#8221;rgba(255,255,255,0.01)&#8221; css=&#8221;.vc_custom_1489008741301{margin-bottom: 46px !important;padding-top: 0px !important;padding-right: 0px !important;padding-bottom: 0px !important;padding-left: 18px !important;}&#8221; css_icon=&#8221;.vc_custom_1489008741295{margin-top: 2px !important;margin-right: 22px !important;}&#8221; line_height=&#8221;16&#8243;]<span style="color: #888888; line-height: 16px;">Mit einer umfangreichen Auswahl an Marken. Von Audi bis Volvo ist Alles dabei.</span>[/stm_icon_box][/vc_column_text][/vc_column_inner][vc_column_inner width=&#8221;1/4&#8243;][vc_column_text][stm_icon_box title_holder=&#8221;h6&#8243; icon=&#8221;stm-icon-chat&#8221; title=&#8221;Ständig neue Angebote&#8221; box_bg_color=&#8221;rgba(255,255,255,0.01)&#8221; css=&#8221;.vc_custom_1694446293907{margin-bottom: 46px !important;padding-top: 0px !important;padding-right: 0px !important;padding-bottom: 0px !important;padding-left: 9px !important;}&#8221; icon_size=&#8221;44&#8243; css_icon=&#8221;.vc_custom_1694446293905{margin-top: 3px !important;margin-right: 17px !important;}&#8221; line_height=&#8221;16&#8243;]Über 80 Fahrzeuge vor Ort. Viele Stammkunden bestätigen unsere Top-Leistungen Tag für Tag. Profitieren auch Sie.[/stm_icon_box][/vc_column_text][/vc_column_inner][vc_column_inner width=&#8221;1/4&#8243;][/vc_column_inner][/vc_row_inner][/vc_column][/vc_row][vc_row stm_fullwidth=&#8221;yes&#8221; blackout_opacity=&#8221;40&#8243; css=&#8221;.vc_custom_1499787354934{margin-bottom: 0px !important;padding-top: 83px !important;padding-bottom: 79px !important;background-image: url(https://eitel-mobile.de/wp-content/uploads/2015/09/fcv-world-2000&#215;1100-lex.jpg?id=1564) !important;}&#8221;][vc_column el_class=&#8221;stm-icon-box-adaptive-style-one&#8221; offset=&#8221;vc_col-lg-6 vc_col-md-8&#8243;][vc_column_text][stm_icon_box bottom_triangle=&#8221;true&#8221; css=&#8221;.vc_custom_1490039039089{padding-top: 65px !important;padding-right: 80px !important;padding-bottom: 56px !important;padding-left: 63px !important;}&#8221;]</p>
<h3 style="margin-bottom: 25px;">Willkommen in unserer<br />
<span style="color: #ffffff;">Auto-Welt</span></h3>
<p>Gerne stehen Ihnen unsere Spezialisten zur Verfügung, um Sie in den Bereichen Fahrzeugauswahl, Finanzierung/Leasing oder sonstige Servicedienstleistungen rund ums Auto beratend zur Seite zu stehen.[/stm_icon_box][/vc_column_text][/vc_column][vc_column width=&#8221;1/2&#8243;][/vc_column][/vc_row]</p>
</div>
